{"id":53,"date":"2005-05-19T13:37:26","date_gmt":"2005-05-19T11:37:26","guid":{"rendered":"http:\/\/www.puls200.de\/?page_id=53"},"modified":"2010-07-13T19:00:31","modified_gmt":"2010-07-13T18:00:31","slug":"53-2","status":"publish","type":"page","link":"https:\/\/www.puls200.de\/?page_id=53","title":{"rendered":"BlinkenLED"},"content":{"rendered":"<h4>BlinkenLED<\/h4>\n<p>BlinkenLights kannte ich schon l\u00e4nger, da stie\u00df ich neulich auf die <a href=\"http:\/\/www.blinkenleds.de\/\">BlinkenLED<\/a> Seite. Es war sofort klar:<br \/>\nSo ein Teil brauche ich auch. Die Aufbauten in der Gallerie gefielen mir aber nicht so gut mit Ausnahme des 5 1\/4'' Schachts, aber daf\u00fcr fehlen mir nat\u00fcrlich klar die feinmotorischen Grundvoraussetzungen. Au\u00dferdem ist der Schacht bei einem Midi-Tower viel zu weit unten und ich bin noch nicht soweit, da\u00df ich mir den Rechner auf den Tisch stelle. Dann kam mir der Einfall mit dem alten Verbandskasten..<\/p>\n<p><center><br \/>\n<img decoding=\"async\" src=\"http:\/\/www.puls200.de\/data\/blinken\/kasten.jpg\" alt=\"Verbandskasten\" \/><br \/>\n<\/center><\/p>\n<p>Man kaufe nen Sack voll Leuchtdioden und schon kann der Spa\u00df losgehen..<\/p>\n<p><center><br \/>\n<img decoding=\"async\" src=\"http:\/\/www.puls200.de\/data\/blinken\/dioden.jpg\" alt=\"Dioden\" \/><br \/>\n<\/center><\/p>\n<p>Beim Aufbau habe ich mich ziemlich an das Tutorial gehalten. Nur die Anordnung der IC's habe ich ge\u00e4ndert, au\u00dferdem eine gr\u00f6\u00dfere Lochrasterplatine verwendet. Wie ich schon sagte, die Feinmotorik.. :-)<br \/>\nDie IC's zeigen jetzt zueinander, von daher kann man einige Leitungen etwas effizienter verlegen. Strobe, VDD, Clock und Data Enable k\u00f6nnen dann mit kurzen Kabeln verbunden werden (siehe Bild). <\/p>\n<p><center><br \/>\n<img decoding=\"async\" src=\"http:\/\/www.puls200.de\/data\/blinken\/ueberkreuz.jpg\" alt=\"\" border=\"0\" \/><\/p>\n<p><img decoding=\"async\" src=\"http:\/\/www.puls200.de\/data\/blinken\/basis.jpg\" alt=\"Grundlage\" \/><br \/>\n<\/center><\/p>\n<p>Hier ist die Grundverdrahtung abgeschlossen. Jetzt fehlen nur noch die Anschl\u00fcsse f\u00fcr die LEDs (au backe). Wer nicht so helle ist und einfarbige Litze kauft (wie der Verfasser) braucht ein paar Kleber zur sp\u00e4teren Identifikation.<br \/>\nDas Bohren war das Schwierigste. Ich habe mich ordentlich verbohrt, zuviele L\u00f6cher gesetzt (jaja, wer nicht auf 8 z\u00e4hlen kann hat halt manchmal Probleme). Au\u00dferdem habe ich es nicht geschafft, die L\u00f6cher in exakt gleichen Abst\u00e4nde zu bohren. Das sieht sp\u00e4ter dann eher etwas wild gewachsen aus. Andrerseits war ich froh, da\u00df der schon etwas m\u00fcrbe Kunststoff des Deckels bei der Aktion nicht gebrochen ist. Hier sieht man die ersten beiden Zeilen mit dem Massedraht bereits verbunden.<\/p>\n<p><center><br \/>\n<img decoding=\"async\" src=\"http:\/\/www.puls200.de\/data\/blinken\/dioden2.jpg\" alt=\"Dioden im Deckel\" \/><\/p>\n<p><img decoding=\"async\" src=\"http:\/\/www.puls200.de\/data\/blinken\/kabelsalat.jpg\" alt=\"Kabelsalat\" \/><br \/>\n<\/center><\/p>\n<p><em>das ganze ergibt einen tierischen Kabelsalat, aber damit mu\u00df man eben zurecht kommen\"<\/em>. Haha, was f\u00fcr ein Understatement. Es gibt einen Irrsinnskabelsalat. Man mu\u00df sehr genau aufpassen, da\u00df man keinen Bug reinl\u00f6tet. Ich habe es so gemacht, da\u00df ich die L\u00f6tpunkte auf der Platine immer von einer Seite gesetzt habe. Das verhindert, da\u00df beim Verl\u00f6ten der n\u00e4chsten Spalte die Kabel (wegen ihrer Drehung) im Weg sind.<br \/>\nDaher sieht alles so nach links gek\u00e4mmt aus. Hier sind bereits 11 von 18 Spalten angeschlossen.<\/p>\n<p><center><br \/>\n<img decoding=\"async\" src=\"http:\/\/www.puls200.de\/data\/blinken\/fertig.jpg\" alt=\"BlinkenKiste\"\/><br \/>\n<\/center><\/p>\n<p>Geschafft. Beim ersten Versuch funktionierte nichts und ich fand den Fehler nicht, bis mir auffiel, da\u00df ich vergessen hatte, die Massebeinchen mit GND zu verbinden. Duh. Die L\u00f6cher werde ich noch schlie\u00dfen und vielleicht die ganze Kiste noch lackieren, mal sehen. Das im Tutorial erw\u00e4hnte<br \/>\n14-adrige Flachbandkabel habe ich als Verl\u00e4ngerung verwendet, au\u00dferdem wird damit noch die Stromversorgung gew\u00e4hrleistet. Die 3m L\u00e4nge sind aber kein Problem.<\/p>\n<p>Der Spektrum-Analyzer f\u00fcr Winamp liegt klar vorn. Was noch fehlt ist ein<br \/>\nPlugin f\u00fcr MBM und RSS-Feeds.<\/p>\n","protected":false},"excerpt":{"rendered":"<p>BlinkenLED BlinkenLights kannte ich schon l\u00e4nger, da stie\u00df ich neulich auf die BlinkenLED Seite. Es war sofort klar: So ein Teil brauche ich auch. Die Aufbauten in der Gallerie gefielen mir aber nicht so gut mit Ausnahme des 5 1\/4&#8221; &hellip; <a href=\"https:\/\/www.puls200.de\/?page_id=53\">Continue reading <span class=\"meta-nav\">&rarr;<\/span><\/a><\/p>\n","protected":false},"author":1,"featured_media":0,"parent":449,"menu_order":0,"comment_status":"open","ping_status":"open","template":"","meta":{"ngg_post_thumbnail":0},"_links":{"self":[{"href":"https:\/\/www.puls200.de\/index.php?rest_route=\/wp\/v2\/pages\/53"}],"collection":[{"href":"https:\/\/www.puls200.de\/index.php?rest_route=\/wp\/v2\/pages"}],"about":[{"href":"https:\/\/www.puls200.de\/index.php?rest_route=\/wp\/v2\/types\/page"}],"author":[{"embeddable":true,"href":"https:\/\/www.puls200.de\/index.php?rest_route=\/wp\/v2\/users\/1"}],"replies":[{"embeddable":true,"href":"https:\/\/www.puls200.de\/index.php?rest_route=%2Fwp%2Fv2%2Fcomments&post=53"}],"version-history":[{"count":1,"href":"https:\/\/www.puls200.de\/index.php?rest_route=\/wp\/v2\/pages\/53\/revisions"}],"predecessor-version":[{"id":841,"href":"https:\/\/www.puls200.de\/index.php?rest_route=\/wp\/v2\/pages\/53\/revisions\/841"}],"up":[{"embeddable":true,"href":"https:\/\/www.puls200.de\/index.php?rest_route=\/wp\/v2\/pages\/449"}],"wp:attachment":[{"href":"https:\/\/www.puls200.de\/index.php?rest_route=%2Fwp%2Fv2%2Fmedia&parent=53"}],"curies":[{"name":"wp","href":"https:\/\/api.w.org\/{rel}","templated":true}]}}